s divided by 3194397.
8
Calculate the remainder when 3194565 is divided by 89.
88
What is the remainder when 73360 is divided by 834?
802
What is the remainder when 22475 is divided by 11070?
335
Calculate the remainder when 7369964 is divided by 12243.
11921
What is the remainder when 13114316 is divided by 284?
48
What is the remainder when 1128962 is divided by 2428?
2370
What is the remainder when 3181430 is divided by 23742?
2
What is the remainder when 132831347 is divided by 129?
47
What is the remainder when 54291 is divided by 17775?
966
Calculate the remainder when 5873516 is divided by 115.
6
What is the remainder when 2345436 is divided by 23926?
688
What is the remainder when 258415 is divided by 36892?
171
Calculate the remainder when 2546936 is divided by 38013.
65
Calculate the remainder when 65558669 is divided by 1168.
1165
What is the remainder when 2207667 is divided by 1586?
1541
Calculate the remainder when 82274 is divided by 458.
292
Calculate the remainder when 320850 is divided by 813.
528
Calculate the remainder when 54680 is divided by 10333.
3015
Calculate the remainder when 81940 is divided by 40041.
1858
Calculate the remainder when 206327 is divided by 21.
2
What is the remainder when 3942072 is divided by 1418?
32
Calculate the remainder when 98489676 is divided by 14.
12
Calculate the remainder when 27702 is divided by 9088.
438
Calculate the remainder when 1461176 is divided by 208.
184
Calculate the remainder when 92564 is divided by 242.
120
What is the remainder when 14635650 is divided by 7403?
7322
What is the remainder when 955506 is divided by 577?
571
What is the remainder when 7487 is divided by 6021?
1466
Calculate the remainder when 448266 is divided by 6057.
48
What is the remainder when 8717627 is divided by 4?
3
Calculate the remainder when 1273385 is divided by 951.
947
What is the remainder when 382554 is divided by 5275?
2754
Calculate the remainder when 75776 is divided by 578.
58
Calculate the remainder when 38346 is divided by 1928.
1714
Calculate the remainder when 1211907 is divided by 987.
858
Calculate the remainder when 9441743 is divided by 78.
77
Calculate the remainder when 3410348 is divided by 1136751.
95
What is the remainder when 2958380 is divided by 739594?
4
What is the remainder when 33888 is divided by 894?
810
What is the remainder when 3027046 is divided by 804?
790
Calculate the remainder when 763599 is divided by 254532.
3
What is the remainder when 41837 is divided by 2286?
689
What is the remainder when 5625429 is divided by 5297?
15
Calculate the remainder when 117929 is divided by 58961.
7
What is the remainder when 23442672 is divided by 248?
224
What is the remainder when 271710 is divided by 1244?
518
Calculate the remainder when 1198539 is divided by 21.
6
Calculate the remainder when 4934 is divided by 897.
449
What is the remainder when 2018692 is divided by 32042?
46
Calculate the remainder when 2050699 is divided by 187.
57
Calculate the remainder when 49282733 is divided by 5372.
5
What is the remainder when 67543590 is divided by 766?
8
Calculate the remainder when 4555668 is divided by 92.
12
What is the remainder when 6068850 is divided by 1755?
60
What is the remainder when 2202055 is divided by 1202?
1193
Calculate the remainder when 4432088 is divided by 177.
8
Calculate the remainder when 5038110 is divided by 178.
176
Calculate the remainder when 7555886 is divided by 1079390.
156
What is the remainder when 570683 is divided by 2346?
605
What is the remainder when 457911 is divided by 1916?
1903
What is the remainder when 3819556 is divided by 1850?
1156
Calculate the remainder when 2321646 is divided by 336.
222
What is the remainder when 611958 is divided by 14228?
154
Calculate the remainder when 592663 is divided by 1471.
1321
What is the remainder when 1776947 is divided by 93517?
124
What is the remainder when 1288901 is divided by 92064?
5
Calculate the remainder when 7986521 is divided by 259.
256
Calculate the remainder when 478608 is divided by 83.
30
What is the remainder when 25294203 is divided by 14844?
27
What is the remainder when 153627665 is divided by 29848?
9
Calculate the remainder when 10818411 is divided by 3124.
3123
Calculate the remainder when 195233796 is divided by 209.
208
Calculate the remainder when 706603 is divided by 347.
111
Calculate the remainder when 25870479 is divided by 22.
19
Calculate the remainder when 1371320 is divided by 5062.
4580
Calculate the remainder when 6495 is divided by 56.
55
What is the remainder when 412670 is divided by 137513?
131
Calculate the remainder when 12050574 is divided by 2545.
2544
Calculate the remainder when 28510079 is divided by 2193081.
26
Calculate the remainder when 939889 is divided by 961.
31
What is the remainder when 526783562 is divided by 649?
646
Calculate the remainder when 99961 is divided by 662.
661
Calculate the remainder when 7518051 is divided by 12530.
51
What is the remainder when 24136 is divided by 1807?
645
What is the remainder when 1108804 is divided by 276812?
1556
What is the remainder when 99074434 is divided by 4081?
4078
What is the remainder when 1927277949 is divided by 1888?
1885
Calculate the remainder when 15170232 is divided by 2528370.
12
Calculate the remainder when 753500 is divided by 909.
848
Calculate the remainder when 13270 is divided by 4755.
3760
Calculate the remainder when 526823 is divided by 175602.
17
What is the remainder when 7190897 is divided by 221?
220
What is the remainder when 561144 is divided by 8016?
24
Calculate the remainder when 30985876 is divided by 43.
33
Calculate the remainder when 307056 is divided by 19188.
48
Calculate the remainder when 35033866 is divided by 467.
460
What is the remainder when 92980 is divided by 230?
60
Calculate the remainder when 171977761 is divided by 34395552.
1
Calculate the remainder when 61301 is divided by 112.
37
What is the remainder when 350126 is divided by 350107?
19
Calculate the remainder when 1040114 is divided by 259989.
158
What is the remainder when 17528956 is divided by 4382205?
136
Calculate the remainder when 302876 is divided by 299513.
3363
What is the remainder when 2645578 is divided by 12305?
3
What is the remainder when 146096 is divided by 4486?
2544
Calculate the remainder when 109385 is divided by 27345.
5
What is the remainder when 1271280 is divided by 1271269?
11
What is the remainder when 885557 is divided by 58?
13
What is the remainder when 59040 is divided by 2133?
1449
What is the remainder when 981066 is divided by 1189?
141
Calculate the remainder when 1440317 is divided by 110791.
34
Calculate the remainder when 59427132 is divided by 6693.
6678
Calculate the remainder when 520562 is divided by 1760.
1362
What is the remainder when 21615 is divided by 636?
627
Calculate the remainder when 17704636 is divided by 133.
75
What is the remainder when 5534357 is divided by 1885?
1882
What is the remainder when 406085 is divided by 2999?
1220
Calculate the remainder when 416661 is divided by 1634.
1625
Calculate the remainder when 66769 is divided by 3428.
1637
Calculate the remainder when 3686058 is divided by 83774.
2
Calculate the remainder when 3195192 is divided by 319519.
2
What is the remainder when 1609277 is divided by 69967?
36
Calculate the remainder when 1922516 is divided by 14.
8
What is the remainder when 184098 is divided by 18400?
98
Calculate the remainder when 87256 is divided by 2579.
2149
Calculate the remainder when 84158 is divided by 995.
578
What is the remainder when 8656098 is divided by 22?
0
What is the remainder when 3105570 is divided by 3424?
2
What is the remainder when 7104505 is divided by 240?
25
Calculate the remainder when 366635 is divided by 549.
452
Calculate the remainder when 97994 is divided by 24321.
710
Calculate the remainder when 4361862 is divided by 3998.
44
What is the remainder when 1545500 is divided by 12565?
5
Calculate the remainder when 2852773 is divided by 11144.
11053
What is the remainder when 3898059 is divided by 22?
11
Calculate the remainder when 250963 is divided by 125466.
31
What is the remainder when 439314914 is divided by 439314905?
9
What is the remainder when 291918 is d